 + 9. Let i(x) = x**3 - 2*x**2 - 4*x + 3. Let w be i(3). Suppose v = -w*v + g. What are the prime factors of v?
2, 5
List the prime factors of (-12)/48 + 770/8.
2, 3
Suppose -19 = -3*p - m + 3*m, 17 = 3*p - m. Let a = 9 - p. List the prime factors of a.
2
Suppose -3*r + 262 = -281. What are the prime factors of r?
181
Suppose 0*b - 335 = -5*b. What are the prime factors of b?
67
Let s be -1 - -1*1 - -49. Suppose -j - 41 = -y + 4*j, 4*y - 3*j - 113 = 0. Suppose -2*m - 2*n + 4 = -y, 0 = -3*m + n + s. List the prime factors of m.
2
What are the prime factors of (-3)/15 - (1362/(-10) + 2)?
2, 67
Suppose 3*o = -0*o - 9, -4*l - 3*o = -235. List the prime factors of l.
61
Suppose -x = -41 + 26. What are the prime factors of x?
3, 5
Suppose 0*g = 2*g + 4. Let p(i) = i**2 + 8*i - 2. Let w be p(-9). Let o = w + g. List the prime factors of o.
5
Let w be ((-48)/(-40))/(4/10). Suppose -4*n + 151 = q, w*n + 3*q + q = 123. What are the prime factors of n?
37
Suppose t + 8 = 3*t. Let y = t + 2. List the prime factors of y.
2, 3
Let l be (6/(-12))/(2/20). Let i(u) = -2*u + 8. List the prime factors of i(l).
2, 3
Suppose -u + 89 = 5. What are the prime factors of u?
2, 3, 7
Suppose 5*k - 2*w = 14, 3*w + 2 = -3*k + k. List the prime factors of (-21)/k*(1 + -3).
3, 7
What are the prime factors of (-6)/(-1) + -2 + 71?
3, 5
Let v(h) = 3*h + 2*h**2 - 2*h**2 - 2*h**3 + 3. Let m be 0/(-2 + 1) - 2. What are the prime factors of v(m)?
13
Let s(l) = -17*l - 2. What are the prime factors of s(-1)?
3, 5
Let i = -26 - -47. What are the prime factors of i?
3, 7
Suppose 4*p - 26 + 10 = 0. Suppose -4*x - p = -12. What are the prime factors of x?
2
Suppose 2*l - 1 = 5*v - 6, 10 = 2*l. Suppose 3*g = 6*g + 3*r - 3, -3*r - 12 = 0. Let u = v + g. What are the prime factors of u?
2
What are the prime factors of (234/(-15))/(1/(-5))?
2, 3, 13
Let g(v) = v**2 - 3*v. What are the prime factors of g(-5)?
2, 5
Let k be -29 - (0 - (-1 - 0)). Let l = -9 - k. What are the prime factors of l?
3, 7
Let f be (3 - (2 + -7))/1. List the prime factors of (-3)/2*f/(-1).
2, 3
What are the prime factors of ((-300)/40)/((-2)/12)?
3, 5
Let g(i) = 23*i**2 + 8*i - 1. Let b(v) = 45*v**2 + 15*v - 2. Let q(t) = 6*b(t) - 11*g(t). List the prime factors of q(1).
2, 3
Let y(d) = d. Let v(l) = l**2 + 6*l - 1. Let a(f) = v(f) - 4*y(f). What are the prime factors of a(2)?
7
Suppose 0*f - f + 105 = n, -320 = -3*f - 4*n. List the prime factors of f.
2, 5
Let k = 142 + -50. What are the prime factors of k?
2, 23
List the prime factors of (-4 + (-14)/(-8))/((-6)/272).
2, 3, 17
Let u be 4/8*(0 - 0). Suppose -3*o + 3 + 6 = u. Suppose -o*y + 36 = 6. List the prime factors of y.
2, 5
Let w = -13 - -86. What are the prime factors of w?
73
Let n(u) = -u**2 - 3. Let p be n(-3). Let b = 27 + p. What are the prime factors of 5*(-1 - (-39)/b)?
2
Let n(f) = 4 - 3*f**2 + 1 - 3*f + 1 - 4. Let g be n(-3). Let v = -5 - g. What are the prime factors of v?
11
Suppose 3*d - 7*d = -8. Suppose i + 56 = 2*o + 6*i, 3*o - d*i = 65. What are the prime factors of o?
23
Let r(f) = -f**2 - 3*f + 7. Let k be r(-3). Suppose 5*b + k*y - 4*y = 184, -5*y = b - 28. List the prime factors of b.
2, 19
Suppose -4*n + 19 = -5. Suppose -n = -5*f + 3*o, -3*f = -f + 2*o + 4. Suppose -h = -2 - f. What are the prime factors of h?
2
Let o be ((-4)/(-2) + -2)*1. Suppose o = -3*p + 9 + 6. Suppose 17 + 8 = p*j. What are the prime factors of j?
5
Let r(g) = g**2 - 13*g - 5. Let v be r(15). List the prime factors of v + (1 - 4 - -2).
2, 3
Suppose -5*k + 446 = -214. What are the prime factors of (-35)/2*k/(-77)?
2, 3, 5
Let d(i) = 2*i - 8. Let x be d(8). Let c(n) = -n**2 + 8*n - 9. Let l be c(x). List the prime factors of l/(-2) - 5/10.
2
Suppose -p + 0 = 2. List the prime factors of 1*p*(3 - 29).
2, 13
Let z(b) = b**3 - 5*b**2 - 23*b - 2. List the prime factors of z(9).
5, 23
Suppose -2*o + 3*o - 41 = 0. Let d = o + -24. List the prime factors of d.
17
Suppose -t - f = -10, -t + 2*f + 7 = -12. List the prime factors of t.
13
Let d = 508 + -236. What are the prime factors of d/44 - 2/11?
2, 3
Let y(m) = -m**2 + 10*m - 2. Let p be -1 + (11 - (1 + 3)). What are the prime factors of y(p)?
2, 11
Suppose 0 = -2*d + 71 + 17. Let u = -31 + d. Suppose -m = 2*w - 2, 0 = w + m + 3*m + u. What are the prime factors of w?
3
Let r = 60 - 27. List the prime factors of r.
3, 11
Suppose 20 - 8 = d. Suppose 0*y - y + 4*i - 12 = 0, -4*i + d = 0. Suppose g = -y + 4. What are the prime factors of g?
2
Suppose 3*k + v - 169 = -28, 0 = -4*k - 2*v + 186. Suppose -2*r - 2*r = -k. List the prime factors of r.
2, 3
Let s(k) = k**3 - 5*k**2 - 6*k + 9. Let n be s(6). Let r be 2*(-3 - (-1 + -3)). Suppose 3*c = r*c + n. List the prime factors of c.
3
Let p be ((-10)/4)/(1/2). Let g = p + 10. What are the prime factors of g?
5
Let d = -19 - -44. List the prime factors of d.
5
Let o(f) = 3*f**2 - 3*f + 2. Let u be o(2). Let c = 1 + u. List the prime factors of c.
3
Suppose 4*x - 13 = 11. Suppose -x*u + 4*u = -10. List the prime factors of u.
5
Let a = 0 - 4. Let n(h) = -h**2 - 4*h - 1. Let z be n(a). What are the prime factors of 4*z*26/(-8)?
13
Suppose -3*q = -4*a - 691, -829 = -4*q + 3*a + 90. What are the prime factors of q?
229
Suppose -2*c - 27 = -3*c. List the prime factors of c.
3
Suppose t = 5*t - 12. Let x(j) = -4 + 8*j**3 - j**2 + 5 - j**t. List the prime factors of x(1).
7
Let n = -102 - -29. Let d = 111 + n. List the prime factors of d.
2, 19
List the prime factors of 56 + 1 + 5/(-5).
2, 7
Let j(z) = -z**2 + 14*z - 2. List the prime factors of j(6).
2, 23
Let s = 18 - 16. Suppose -m - s = -12. List the prime factors of m.
2, 5
Suppose 4*r + 2*x = 20, -3*x - 29 = -4*r + 11. Let n(f) = -f**2 + 6*f + 7. Let q be n(r). Suppose v + q = 11. What are the prime factors of v?
11
Suppose 12*b = 15*b - 15. What are the prime factors of b?
5
Suppose 5*u = 3*z + 107, 3*u = -0*z + 2*z + 64. Suppose -o + 3*o - u = 0. List the prime factors of o.
11
Let n = 8 - 9. List the prime factors of 1 + (n - 2) + 13.
11
Let f be (-6)/(-10) - 193/5. Let g = -26 - f. Suppose 3*d - 29 = y, 2*d - 2 = 2*y + g. List the prime factors of d.
11
Suppose -136 = -2*m - 42. List the prime factors of m.
47
Suppose -20 = -f + 12. Suppose 0 = -0*r - 4*r + f. What are the prime factors of r?
2
Let y(v) = -v**2 - 10*v - 1. Let f be y(-10). List the prime factors of (-5 - f)*(-25)/20.
5
Let m = -40 - -56. Suppose -m = -3*y + 14. What are the prime factors of y?
2, 5
Suppose 25 = 2*r - 3*f, 5*r - 2*r - 48 = f. Let n = 50 - r. List the prime factors of n.
3, 11
Let m(w) = w**3 + 10*w**2 - 3*w - 10. Let r be m(-10). Let p = 6 + r. What are the prime factors of p?
2, 13
Let m(u) = -u - 1. Let a be m(-1). Let d be (-10)/4*(-8 + -6). Suppose a*q - d = -5*q. What are the prime factors of q?
7
Let i = 175 - 118. Suppose 0 = h + 4*h - 25. Suppose v = 3*g + 15, 0*v + 3*g = -h*v + i. List the prime factors of v.
2, 3
Suppose 18*x - 175 = 13*x. List the prime factors of x.
5, 7
Let p(h) = 5*h + 5. List the prime factors of p(3).
2, 5
Let y be 1/(-4) + 93/4. Let a(w) = 6*w + 16. Let f be a(-5). Let g = f + y. What are the prime factors of g?
3
Let v(d) be the third derivative of -7*d**6/60 + d**3/6 - d**2. What are the prime factors of v(-1)?
3, 5
Suppose 0 = u - k + 4 + 4, 0 = 4*u - 3*k + 27. Let x(i) = -i**2 - 5*i. Let z be x(-5). Let v = z - u. List the prime factors of v.
3
Let h = -241 + 348. Let k = h + -74. What are the prime factors of (k/(-12))/((-1)/4)?
11
Suppose 2*h + 60 = 7*h. Let b be (-4)/10 - h/(-5). Suppose -4*p + 2 + 6 = -n, 5*n - b*p = 32. List the prime factors of n.
2
Suppose 5*p = -w - w + 113, 4*w = 2*p + 286. What are the prime factors of w?
3, 23
Suppose -5*o + 4*d + 871 + 598 = 0, -1497 = -5*o - 3*d. List the prime factors of o.
3, 11
Let b(p) = -6*p. Suppose 4*d + 4 + 4 = 0. Let v be b(d). What are the prime factors of (v/8)/(3/26)?
13
Let j(h) be the third derivative of 7*h**5/60 + h**4/12 + 2*h**2. Let i be j(2). Suppose -i = -2*m - 2*m. What are the prime factors of m?
2
Suppose -4*p - p = -250. What are the prime factors of ((-6)/(-10))/(10/p)?
3
Let d be (-71)/4 - (-1)/(-4). Let y = 5 - 30. Let n = d - y. What are the prime factors of n?
7
Suppose 0*f + 2*f = -6. What are the prime factors of (20 - (-4